{"id":135,"date":"2022-01-30T19:23:44","date_gmt":"2022-01-30T19:23:44","guid":{"rendered":"https:\/\/www.auszeit-meyer.de\/?page_id=135"},"modified":"2026-03-16T19:38:23","modified_gmt":"2026-03-16T19:38:23","slug":"11-baby-kindermassage","status":"publish","type":"page","link":"https:\/\/www.auszeit-meyer.de\/index.php\/11-baby-kindermassage\/","title":{"rendered":"1:1 Baby- &#038; Kindermassage"},"content":{"rendered":"\n<p class=\"has-medium-font-size\"><strong>Du m\u00f6chtest die Babymassage mit deinem Baby zusammen kennenlernen, aber du bist kein Fan von Kursen oder hast ein Baby, das lieber die Ruhe und die Sicherheit seines Zuhauses braucht?<\/strong><\/p>\n\n\n\n<p class=\"has-medium-font-size\"><strong>Vielleicht ist dein Baby auch gar kein Baby mehr, sondern schon ein Kleinkind?<\/strong><\/p>\n\n\n\n<p class=\"has-medium-font-size\">Die Massagegriffe eignen sich nicht nur f\u00fcr Babys, sondern auch f\u00fcr gr\u00f6\u00dfere Kinder. Jedes Kind, egal welchen Alters, liebt und braucht die N\u00e4he, die Ber\u00fchrungen und die Aufmerksamkeit der Mama, des Papas oder anderen wichtigen Bezugsperson.<\/p>\n\n\n\n<div class=\"wp-block-columns is-layout-flex wp-container-core-columns-layout-1 wp-block-columns-is-layout-flex\">\n<div class=\"wp-block-column is-layout-flow wp-block-column-is-layout-flow\" style=\"flex-basis:100%\">\n<p class=\"has-medium-font-size\">Eine Massage ist eine Auszeit nicht nur f\u00fcr das Kind, sondern auch f\u00fcr den Massierenden.<\/p>\n<\/div>\n<\/div>\n\n\n\n<p class=\"has-medium-font-size\">Bei einem 1:1 Termin komme ich zu euch nach Hause und zeige in ruhigem und gewohntem Umfeld, wie du die Massagegriffe anwendest.<\/p>\n\n\n\n<div class=\"wp-block-columns is-layout-flex wp-container-core-columns-layout-2 wp-block-columns-is-layout-flex\">\n<div class=\"wp-block-column is-layout-flow wp-block-column-is-layout-flow\" style=\"flex-basis:50%\">\n<p class=\"has-medium-font-size\">Je nach dem, wie alt dein Kind ist, f\u00fchre ich dich durch eine kurze Entspannungseinheit oder du machst gemeinsam mit deinem Kind eine spielerische Achtsamkeits\u00fcbung.<\/p>\n<\/div>\n\n\n\n<div class=\"wp-block-column is-layout-flow wp-block-column-is-layout-flow\" style=\"flex-basis:50%\">\n<figure class=\"wp-block-image size-large\"><img decoding=\"async\" width=\"1024\" height=\"682\" src=\"https:\/\/www.auszeit-meyer.de\/wp-content\/uploads\/2022\/02\/people-ga056253f8_1280-1024x682.jpg\" alt=\"\" class=\"wp-image-323\" srcset=\"https:\/\/www.auszeit-meyer.de\/wp-content\/uploads\/2022\/02\/people-ga056253f8_1280-1024x682.jpg 1024w, https:\/\/www.auszeit-meyer.de\/wp-content\/uploads\/2022\/02\/people-ga056253f8_1280-300x200.jpg 300w, https:\/\/www.auszeit-meyer.de\/wp-content\/uploads\/2022\/02\/people-ga056253f8_1280-768x512.jpg 768w, https:\/\/www.auszeit-meyer.de\/wp-content\/uploads\/2022\/02\/people-ga056253f8_1280.jpg 1280w\" sizes=\"(max-width: 1024px) 100vw, 1024px\" \/><\/figure>\n<\/div>\n<\/div>\n\n\n\n<p class=\"has-medium-font-size\">Dann zeige ich dir anhand meiner Massagepuppe \u201eMara\u201c wie du dein Kind massieren kannst.<\/p>\n\n\n\n<p class=\"has-medium-font-size\">Du entscheidest, wie oft ich zu dir und deinem Kind kommen werde.<\/p>\n\n\n\n<p class=\"has-medium-font-size\">\u00dcbrigens ist es auch f\u00fcr die V\u00e4ter, Oma, Opa, Tante oder Onkel eine besondere Aufgabe das Kind zu massieren und st\u00e4rkt die Bindung. Die Massage kann Sicherheit im Umgang mit einem Baby schenken.<\/p>\n\n\n\n<hr class=\"wp-block-separator has-css-opacity is-style-wide\"\/>\n\n\n\n<p class=\"has-medium-font-size\">Innerhalb von 15km Umkreis ab 27442 Gnarrenburg ist die Anfahrt inklusive.<\/p>\n\n\n\n<p class=\"has-medium-font-size\"><strong>Preis:<\/strong><\/p>\n\n\n\n<div class=\"wp-block-columns is-layout-flex wp-container-core-columns-layout-3 wp-block-columns-is-layout-flex\">\n<div class=\"wp-block-column is-layout-flow wp-block-column-is-layout-flow\" style=\"flex-basis:66.66%\">\n<p class=\"has-medium-font-size\">60 Minuten 1:1 Termin <\/p>\n<\/div>\n\n\n\n<div class=\"wp-block-column is-layout-flow wp-block-column-is-layout-flow\" style=\"flex-basis:33.33%\">\n<p class=\"has-medium-font-size\">55,-\u20ac<\/p>\n<\/div>\n<\/div>\n\n\n\n<hr class=\"wp-block-separator has-css-opacity is-style-wide\"\/>\n\n\n\n<p class=\"has-medium-font-size\">Vereinbare gleich einen Termin zu eurer exklusiven Zeit.<\/p>\n\n\n\n<div class=\"wp-block-buttons is-layout-flex wp-block-buttons-is-layout-flex\">\n<div class=\"wp-block-button has-custom-width wp-block-button__width-100 is-style-outline\"><a class=\"wp-block-button__link wp-element-button\" href=\"https:\/\/www.auszeit-meyer.de\/index.php\/kontakt\/\"><strong>Termin vereinbaren<\/strong><\/a><\/div>\n<\/div>\n","protected":false},"excerpt":{"rendered":"<p>Du m\u00f6chtest die Babymassage mit deinem Baby zusammen kennenlernen, aber du bist kein Fan von Kursen oder hast ein Baby,&hellip;<\/p>\n","protected":false},"author":2,"featured_media":0,"parent":0,"menu_order":0,"comment_status":"closed","ping_status":"closed","template":"","meta":{"footnotes":""},"_links":{"self":[{"href":"https:\/\/www.auszeit-meyer.de\/index.php\/wp-json\/wp\/v2\/pages\/135"}],"collection":[{"href":"https:\/\/www.auszeit-meyer.de\/index.php\/wp-json\/wp\/v2\/pages"}],"about":[{"href":"https:\/\/www.auszeit-meyer.de\/index.php\/wp-json\/wp\/v2\/types\/page"}],"author":[{"embeddable":true,"href":"https:\/\/www.auszeit-meyer.de\/index.php\/wp-json\/wp\/v2\/users\/2"}],"replies":[{"embeddable":true,"href":"https:\/\/www.auszeit-meyer.de\/index.php\/wp-json\/wp\/v2\/comments?post=135"}],"version-history":[{"count":10,"href":"https:\/\/www.auszeit-meyer.de\/index.php\/wp-json\/wp\/v2\/pages\/135\/revisions"}],"predecessor-version":[{"id":1016,"href":"https:\/\/www.auszeit-meyer.de\/index.php\/wp-json\/wp\/v2\/pages\/135\/revisions\/1016"}],"wp:attachment":[{"href":"https:\/\/www.auszeit-meyer.de\/index.php\/wp-json\/wp\/v2\/media?parent=135"}],"curies":[{"name":"wp","href":"https:\/\/api.w.org\/{rel}","templated":true}]}}

<p class="has-medium-font-size"><strong>Du möchtest die Babymassage mit deinem Baby zusammen kennenlernen, aber du bist kein Fan von Kursen oder hast ein Baby, das lieber die Ruhe und die Sicherheit seines Zuhauses braucht?</strong></p>



<p class="has-medium-font-size"><strong>Vielleicht ist dein Baby auch gar kein Baby mehr, sondern schon ein Kleinkind?</strong></p>



<p class="has-medium-font-size">Die Massagegriffe eignen sich nicht nur für Babys, sondern auch für größere Kinder. Jedes Kind, egal welchen Alters, liebt und braucht die Nähe, die Berührungen und die Aufmerksamkeit der Mama, des Papas oder anderen wichtigen Bezugsperson.</p>



<div class="wp-block-columns is-layout-flex wp-container-core-columns-layout-1 wp-block-columns-is-layout-flex">
<div class="wp-block-column is-layout-flow wp-block-column-is-layout-flow" style="flex-basis:100%">
<p class="has-medium-font-size">Eine Massage ist eine Auszeit nicht nur für das Kind, sondern auch für den Massierenden.</p>
</div>
</div>



<p class="has-medium-font-size">Bei einem 1:1 Termin komme ich zu euch nach Hause und zeige in ruhigem und gewohntem Umfeld, wie du die Massagegriffe anwendest.</p>



<div class="wp-block-columns is-layout-flex wp-container-core-columns-layout-2 wp-block-columns-is-layout-flex">
<div class="wp-block-column is-layout-flow wp-block-column-is-layout-flow" style="flex-basis:50%">
<p class="has-medium-font-size">Je nach dem, wie alt dein Kind ist, führe ich dich durch eine kurze Entspannungseinheit oder du machst gemeinsam mit deinem Kind eine spielerische Achtsamkeitsübung.</p>
</div>



<div class="wp-block-column is-layout-flow wp-block-column-is-layout-flow" style="flex-basis:50%">
<figure class="wp-block-image size-large"><img decoding="async" width="1024" height="682" src="https://www.auszeit-meyer.de/wp-content/uploads/2022/02/people-ga056253f8_1280-1024x682.jpg" alt="" class="wp-image-323" srcset="https://www.auszeit-meyer.de/wp-content/uploads/2022/02/people-ga056253f8_1280-1024x682.jpg 1024w, https://www.auszeit-meyer.de/wp-content/uploads/2022/02/people-ga056253f8_1280-300x200.jpg 300w, https://www.auszeit-meyer.de/wp-content/uploads/2022/02/people-ga056253f8_1280-768x512.jpg 768w, https://www.auszeit-meyer.de/wp-content/uploads/2022/02/people-ga056253f8_1280.jpg 1280w" sizes="(max-width: 1024px) 100vw, 1024px" /></figure>
</div>
</div>



<p class="has-medium-font-size">Dann zeige ich dir anhand meiner Massagepuppe „Mara“ wie du dein Kind massieren kannst.</p>



<p class="has-medium-font-size">Du entscheidest, wie oft ich zu dir und deinem Kind kommen werde.</p>



<p class="has-medium-font-size">Übrigens ist es auch für die Väter, Oma, Opa, Tante oder Onkel eine besondere Aufgabe das Kind zu massieren und stärkt die Bindung. Die Massage kann Sicherheit im Umgang mit einem Baby schenken.</p>



<hr class="wp-block-separator has-css-opacity is-style-wide"/>



<p class="has-medium-font-size">Innerhalb von 15km Umkreis ab 27442 Gnarrenburg ist die Anfahrt inklusive.</p>



<p class="has-medium-font-size"><strong>Preis:</strong></p>



<div class="wp-block-columns is-layout-flex wp-container-core-columns-layout-3 wp-block-columns-is-layout-flex">
<div class="wp-block-column is-layout-flow wp-block-column-is-layout-flow" style="flex-basis:66.66%">
<p class="has-medium-font-size">60 Minuten 1:1 Termin </p>
</div>



<div class="wp-block-column is-layout-flow wp-block-column-is-layout-flow" style="flex-basis:33.33%">
<p class="has-medium-font-size">55,-€</p>
</div>
</div>



<hr class="wp-block-separator has-css-opacity is-style-wide"/>



<p class="has-medium-font-size">Vereinbare gleich einen Termin zu eurer exklusiven Zeit.</p>



<div class="wp-block-buttons is-layout-flex wp-block-buttons-is-layout-flex">
<div class="wp-block-button has-custom-width wp-block-button__width-100 is-style-outline"><a class="wp-block-button__link wp-element-button" href="https://www.auszeit-meyer.de/index.php/kontakt/"><strong>Termin vereinbaren</strong></a></div>
</div>

<p>Du möchtest die Babymassage mit deinem Baby zusammen kennenlernen, aber du bist kein Fan von Kursen oder hast ein Baby,&hellip;</p>
