{"id":64,"date":"2021-12-12T14:54:02","date_gmt":"2021-12-12T14:54:02","guid":{"rendered":"https:\/\/www.auszeit-meyer.de\/?page_id=64"},"modified":"2022-02-06T09:17:29","modified_gmt":"2022-02-06T09:17:29","slug":"aroma-lifestyle","status":"publish","type":"page","link":"https:\/\/www.auszeit-meyer.de\/index.php\/aroma-lifestyle\/","title":{"rendered":"Aroma-Lifestyle"},"content":{"rendered":"\n<p class=\"has-medium-font-size\"><strong>Morgens nach dem Aufstehen str\u00f6mt frischer Zitronen Duft durchs Haus.<\/strong><\/p>\n\n\n\n<p class=\"has-medium-font-size\"><strong>Ich verabschiede die Kinder mit einem Tropfen Valor (Mut) in den<\/strong> <strong>Kindergarten. Setze mich an den PC und atme Pfefferminze ein, damit ich einen klaren Kopf zum Arbeiten habe.<\/strong><\/p>\n\n\n\n<p class=\"has-medium-font-size\"><strong>Am Nachmittag vernebelt der Diffuser sanften Lavendel Duft, damit alle den aufregenden Vormittag verarbeiten k\u00f6nnen. Nach dem Abendessen werden die Kinderf\u00fc\u00dfchen dann mit Frieden &amp; Ruhe massiert. Und auch ich schlafe mit dem Duft von Weihrauch ein.<\/strong><\/p>\n\n\n\n<p class=\"has-medium-font-size\">Viele Menschen verbinden mit \u00e4therischen \u00d6len Esoterik, \u00dcbersinnliches und etwas woran man glauben muss, damit sie wirken.<\/p>\n\n\n\n<p class=\"has-medium-font-size\">Aber das ist nicht richtig!<\/p>\n\n\n\n<div class=\"wp-block-columns is-layout-flex wp-container-core-columns-layout-1 wp-block-columns-is-layout-flex\">\n<div class=\"wp-block-column is-layout-flow wp-block-column-is-layout-flow\" style=\"flex-basis:50%\">\n<p class=\"has-medium-font-size\">\u00c4therische \u00d6le sind etwas sehr Handfestes und Greifbares und sie wirken ganz wunderbar auch wenn wir nicht an sie glauben. Denn sie wissen genau was sie in unserem K\u00f6rper tun und bewirken sollen.<\/p>\n<\/div>\n\n\n\n<div class=\"wp-block-column is-layout-flow wp-block-column-is-layout-flow\" style=\"flex-basis:50%\">\n<figure class=\"wp-block-image alignwide size-large\"><img decoding=\"async\" width=\"713\" height=\"476\" src=\"https:\/\/www.auszeit-meyer.de\/wp-content\/uploads\/2022\/02\/essential-oils-gc9477cb2d_1280-1-edited-1.jpg\" alt=\"\" class=\"wp-image-364\" srcset=\"https:\/\/www.auszeit-meyer.de\/wp-content\/uploads\/2022\/02\/essential-oils-gc9477cb2d_1280-1-edited-1.jpg 713w, https:\/\/www.auszeit-meyer.de\/wp-content\/uploads\/2022\/02\/essential-oils-gc9477cb2d_1280-1-edited-1-300x200.jpg 300w\" sizes=\"(max-width: 713px) 100vw, 713px\" \/><\/figure>\n<\/div>\n<\/div>\n\n\n\n<p class=\"has-medium-font-size\">Sie k\u00f6nnen uns unterst\u00fctzen in unserem Alltag, auf eine ganz sanfte und einfache Weise.<\/p>\n\n\n\n<p class=\"has-medium-font-size\">\u00c4therische \u00d6le wirken belebend, beruhigend, entspannend, aufweckend, reinigend, machen gute Laune und st\u00e4rken unser Selbstbewusstsein und Immunsystem.<\/p>\n\n\n\n<p class=\"has-medium-font-size\">Au\u00dferdem sind sie perfekte kleine Helfer f\u00fcr Babys und Kinder.<\/p>\n\n\n\n<p class=\"has-medium-font-size\">\u00c4therische \u00d6le sind aus der Natur und arbeiten f\u00fcr die Natur und den gesunden Menschen. Denn die Produkte, die mit den \u00d6le entstehen, schaffen einen chemiefreien Haushalt. Ohne die Umwelt zu sch\u00e4digen und vor allem ohne deine Gesundheit durch unn\u00f6tige Zusatzstoffe in der K\u00f6rperpflege zu belasten. Willst du auch diesen duftenden Lifestyle leben und auf einfache Art und Weise dich und deine Familie mit \u00e4therischen \u00d6len unterst\u00fctzen? Und gleichzeitig die Umwelt schonen und deine Gesundheit st\u00e4rken?<\/p>\n\n\n\n<div style=\"height:36px\" aria-hidden=\"true\" class=\"wp-block-spacer\"><\/div>\n\n\n\n<blockquote class=\"wp-block-quote\"><p>&#8220; The first bottle you grab, is the bottle you need.&#8220;<\/p><cite>D. Gary Young (1949 &#8211; 2018)<\/cite><\/blockquote>\n\n\n\n<div style=\"height:61px\" aria-hidden=\"true\" class=\"wp-block-spacer\"><\/div>\n\n\n\n<div class=\"wp-block-buttons is-layout-flex wp-block-buttons-is-layout-flex\">\n<div class=\"wp-block-button has-custom-width wp-block-button__width-100 is-style-outline\"><a class=\"wp-block-button__link\" href=\"https:\/\/www.auszeit-meyer.de\/index.php\/kontakt\/\">Ich will mehr wissen!<\/a><\/div>\n<\/div>\n","protected":false},"excerpt":{"rendered":"<p>Morgens nach dem Aufstehen str\u00f6mt frischer Zitronen Duft durchs Haus. Ich verabschiede die Kinder mit einem Tropfen Valor (Mut) in&hellip;<\/p>\n","protected":false},"author":2,"featured_media":0,"parent":0,"menu_order":0,"comment_status":"closed","ping_status":"closed","template":"","meta":{"footnotes":""},"_links":{"self":[{"href":"https:\/\/www.auszeit-meyer.de\/index.php\/wp-json\/wp\/v2\/pages\/64"}],"collection":[{"href":"https:\/\/www.auszeit-meyer.de\/index.php\/wp-json\/wp\/v2\/pages"}],"about":[{"href":"https:\/\/www.auszeit-meyer.de\/index.php\/wp-json\/wp\/v2\/types\/page"}],"author":[{"embeddable":true,"href":"https:\/\/www.auszeit-meyer.de\/index.php\/wp-json\/wp\/v2\/users\/2"}],"replies":[{"embeddable":true,"href":"https:\/\/www.auszeit-meyer.de\/index.php\/wp-json\/wp\/v2\/comments?post=64"}],"version-history":[{"count":9,"href":"https:\/\/www.auszeit-meyer.de\/index.php\/wp-json\/wp\/v2\/pages\/64\/revisions"}],"predecessor-version":[{"id":435,"href":"https:\/\/www.auszeit-meyer.de\/index.php\/wp-json\/wp\/v2\/pages\/64\/revisions\/435"}],"wp:attachment":[{"href":"https:\/\/www.auszeit-meyer.de\/index.php\/wp-json\/wp\/v2\/media?parent=64"}],"curies":[{"name":"wp","href":"https:\/\/api.w.org\/{rel}","templated":true}]}}

<p class="has-medium-font-size"><strong>Morgens nach dem Aufstehen strömt frischer Zitronen Duft durchs Haus.</strong></p>



<p class="has-medium-font-size"><strong>Ich verabschiede die Kinder mit einem Tropfen Valor (Mut) in den</strong> <strong>Kindergarten. Setze mich an den PC und atme Pfefferminze ein, damit ich einen klaren Kopf zum Arbeiten habe.</strong></p>



<p class="has-medium-font-size"><strong>Am Nachmittag vernebelt der Diffuser sanften Lavendel Duft, damit alle den aufregenden Vormittag verarbeiten können. Nach dem Abendessen werden die Kinderfüßchen dann mit Frieden &amp; Ruhe massiert. Und auch ich schlafe mit dem Duft von Weihrauch ein.</strong></p>



<p class="has-medium-font-size">Viele Menschen verbinden mit ätherischen Ölen Esoterik, Übersinnliches und etwas woran man glauben muss, damit sie wirken.</p>



<p class="has-medium-font-size">Aber das ist nicht richtig!</p>



<div class="wp-block-columns is-layout-flex wp-container-core-columns-layout-1 wp-block-columns-is-layout-flex">
<div class="wp-block-column is-layout-flow wp-block-column-is-layout-flow" style="flex-basis:50%">
<p class="has-medium-font-size">Ätherische Öle sind etwas sehr Handfestes und Greifbares und sie wirken ganz wunderbar auch wenn wir nicht an sie glauben. Denn sie wissen genau was sie in unserem Körper tun und bewirken sollen.</p>
</div>



<div class="wp-block-column is-layout-flow wp-block-column-is-layout-flow" style="flex-basis:50%">
<figure class="wp-block-image alignwide size-large"><img decoding="async" width="713" height="476" src="https://www.auszeit-meyer.de/wp-content/uploads/2022/02/essential-oils-gc9477cb2d_1280-1-edited-1.jpg" alt="" class="wp-image-364" srcset="https://www.auszeit-meyer.de/wp-content/uploads/2022/02/essential-oils-gc9477cb2d_1280-1-edited-1.jpg 713w, https://www.auszeit-meyer.de/wp-content/uploads/2022/02/essential-oils-gc9477cb2d_1280-1-edited-1-300x200.jpg 300w" sizes="(max-width: 713px) 100vw, 713px" /></figure>
</div>
</div>



<p class="has-medium-font-size">Sie können uns unterstützen in unserem Alltag, auf eine ganz sanfte und einfache Weise.</p>



<p class="has-medium-font-size">Ätherische Öle wirken belebend, beruhigend, entspannend, aufweckend, reinigend, machen gute Laune und stärken unser Selbstbewusstsein und Immunsystem.</p>



<p class="has-medium-font-size">Außerdem sind sie perfekte kleine Helfer für Babys und Kinder.</p>



<p class="has-medium-font-size">Ätherische Öle sind aus der Natur und arbeiten für die Natur und den gesunden Menschen. Denn die Produkte, die mit den Öle entstehen, schaffen einen chemiefreien Haushalt. Ohne die Umwelt zu schädigen und vor allem ohne deine Gesundheit durch unnötige Zusatzstoffe in der Körperpflege zu belasten. Willst du auch diesen duftenden Lifestyle leben und auf einfache Art und Weise dich und deine Familie mit ätherischen Ölen unterstützen? Und gleichzeitig die Umwelt schonen und deine Gesundheit stärken?</p>



<div style="height:36px" aria-hidden="true" class="wp-block-spacer"></div>



<blockquote class="wp-block-quote"><p>&#8220; The first bottle you grab, is the bottle you need.&#8220;</p><cite>D. Gary Young (1949 &#8211; 2018)</cite></blockquote>



<div style="height:61px" aria-hidden="true" class="wp-block-spacer"></div>



<div class="wp-block-buttons is-layout-flex wp-block-buttons-is-layout-flex">
<div class="wp-block-button has-custom-width wp-block-button__width-100 is-style-outline"><a class="wp-block-button__link" href="https://www.auszeit-meyer.de/index.php/kontakt/">Ich will mehr wissen!</a></div>
</div>

<p>Morgens nach dem Aufstehen strömt frischer Zitronen Duft durchs Haus. Ich verabschiede die Kinder mit einem Tropfen Valor (Mut) in&hellip;</p>
