{"id":80,"date":"2021-12-12T15:10:40","date_gmt":"2021-12-12T15:10:40","guid":{"rendered":"https:\/\/www.auszeit-meyer.de\/?page_id=80"},"modified":"2025-01-28T08:00:43","modified_gmt":"2025-01-28T08:00:43","slug":"fussreflexzonen-anwendung","status":"publish","type":"page","link":"https:\/\/www.auszeit-meyer.de\/index.php\/fussreflexzonen-anwendung\/","title":{"rendered":"Fu\u00dfreflexzonen-Anwendung"},"content":{"rendered":"\n<p class=\"has-medium-font-size\"><strong>Du bist auf der Suche nach einer tief entspannenden Massage? Dann bist du hier genau richtig.<\/strong><\/p>\n\n\n\n<p class=\"has-medium-font-size\">Verbunden mit duftenden und wirkungsvollen \u00e4therischen \u00d6len l\u00e4sst dich die Fu\u00dfreflexzonen-Anwendung in eine wohltuende Entspannung sinken.<\/p>\n\n\n\n<div class=\"wp-block-columns is-layout-flex wp-container-core-columns-layout-1 wp-block-columns-is-layout-flex\">\n<div class=\"wp-block-column is-layout-flow wp-block-column-is-layout-flow\" style=\"flex-basis:50%\">\n<p class=\"has-medium-font-size\">Das Massieren der Fu\u00dfreflexzonen ist eine uralte Tradition, die Wurzeln liegen im alten \u00c4gypten, China und auch die amerikanischen Ureinwohner haben sie schon angewandt.<\/p>\n<\/div>\n\n\n\n<div class=\"wp-block-column is-layout-flow wp-block-column-is-layout-flow\" style=\"flex-basis:50%\"><div class=\"wp-block-image\">\n<figure class=\"aligncenter size-full is-resized\"><img decoding=\"async\" width=\"320\" height=\"427\" src=\"https:\/\/www.auszeit-meyer.de\/wp-content\/uploads\/2022\/02\/barefoot-6545757_640-edited.jpg\" alt=\"\" class=\"wp-image-406\" style=\"width:155px;height:207px\" srcset=\"https:\/\/www.auszeit-meyer.de\/wp-content\/uploads\/2022\/02\/barefoot-6545757_640-edited.jpg 320w, https:\/\/www.auszeit-meyer.de\/wp-content\/uploads\/2022\/02\/barefoot-6545757_640-edited-225x300.jpg 225w\" sizes=\"(max-width: 320px) 100vw, 320px\" \/><\/figure><\/div><\/div>\n<\/div>\n\n\n\n<p class=\"has-medium-font-size\">Unter unseren Fu\u00dfsohlen ist der ganze K\u00f6rper mit seinen Organen und K\u00f6rpersystemen abgebildet. Jede Zone ist mit einem Organ oder System verbunden. Durch die Massage in den Zonen wird die Durchblutung gef\u00f6rdert und das jeweilige Organ positiv unterst\u00fctzt.<\/p>\n\n\n\n<p class=\"has-medium-font-size\">Bei meiner Fu\u00dfreflexzonen-Anwendung kommen f\u00fcr jede Reflexzone ein passendes \u00e4therisches \u00d6l zum Einsatz. Dieses ist genau auf das Organ oder System abgestimmt und intensiviert die Massage und die positive Wirkung.<\/p>\n\n\n\n<p class=\"has-medium-font-size\">Au\u00dferdem ist es eine sehr entspannende Massage, die gerade beanspruchte F\u00fc\u00dfe sehr genie\u00dfen.<\/p>\n\n\n\n<hr class=\"wp-block-separator has-css-opacity is-style-wide\"\/>\n\n\n\n<p class=\"has-medium-font-size\">Ich komme mit meiner mobilen Massageliege zu dir nach Hause und du kannst dich in deinen eigenen vier W\u00e4nden entspannen. Im Umkreis von 15km rund um Gnarrenburg.<\/p>\n\n\n\n<p class=\"has-medium-font-size\"><strong>Preis:<\/strong><\/p>\n\n\n\n<div class=\"wp-block-columns is-layout-flex wp-container-core-columns-layout-2 wp-block-columns-is-layout-flex\">\n<div class=\"wp-block-column is-layout-flow wp-block-column-is-layout-flow\" style=\"flex-basis:66.66%\">\n<p class=\"has-medium-font-size\">60 Minuten<\/p>\n<\/div>\n\n\n\n<div class=\"wp-block-column is-layout-flow wp-block-column-is-layout-flow\" style=\"flex-basis:33.33%\">\n<p class=\"has-medium-font-size\">68,-\u20ac<\/p>\n<\/div>\n<\/div>\n\n\n\n<hr class=\"wp-block-separator has-css-opacity is-style-wide\"\/>\n\n\n\n<div class=\"wp-block-buttons is-layout-flex wp-block-buttons-is-layout-flex\">\n<div class=\"wp-block-button has-custom-width wp-block-button__width-100 is-style-outline\"><a class=\"wp-block-button__link wp-element-button\">Termin vereinbaren<\/a><\/div>\n<\/div>\n","protected":false},"excerpt":{"rendered":"<p>Du bist auf der Suche nach einer tief entspannenden Massage? Dann bist du hier genau richtig. Verbunden mit duftenden und&hellip;<\/p>\n","protected":false},"author":2,"featured_media":0,"parent":0,"menu_order":0,"comment_status":"closed","ping_status":"closed","template":"","meta":{"footnotes":""},"_links":{"self":[{"href":"https:\/\/www.auszeit-meyer.de\/index.php\/wp-json\/wp\/v2\/pages\/80"}],"collection":[{"href":"https:\/\/www.auszeit-meyer.de\/index.php\/wp-json\/wp\/v2\/pages"}],"about":[{"href":"https:\/\/www.auszeit-meyer.de\/index.php\/wp-json\/wp\/v2\/types\/page"}],"author":[{"embeddable":true,"href":"https:\/\/www.auszeit-meyer.de\/index.php\/wp-json\/wp\/v2\/users\/2"}],"replies":[{"embeddable":true,"href":"https:\/\/www.auszeit-meyer.de\/index.php\/wp-json\/wp\/v2\/comments?post=80"}],"version-history":[{"count":7,"href":"https:\/\/www.auszeit-meyer.de\/index.php\/wp-json\/wp\/v2\/pages\/80\/revisions"}],"predecessor-version":[{"id":974,"href":"https:\/\/www.auszeit-meyer.de\/index.php\/wp-json\/wp\/v2\/pages\/80\/revisions\/974"}],"wp:attachment":[{"href":"https:\/\/www.auszeit-meyer.de\/index.php\/wp-json\/wp\/v2\/media?parent=80"}],"curies":[{"name":"wp","href":"https:\/\/api.w.org\/{rel}","templated":true}]}}

Fußreflexzonen-Anwendung

<p class="has-medium-font-size"><strong>Du bist auf der Suche nach einer tief entspannenden Massage? Dann bist du hier genau richtig.</strong></p>



<p class="has-medium-font-size">Verbunden mit duftenden und wirkungsvollen ätherischen Ölen lässt dich die Fußreflexzonen-Anwendung in eine wohltuende Entspannung sinken.</p>



<div class="wp-block-columns is-layout-flex wp-container-core-columns-layout-1 wp-block-columns-is-layout-flex">
<div class="wp-block-column is-layout-flow wp-block-column-is-layout-flow" style="flex-basis:50%">
<p class="has-medium-font-size">Das Massieren der Fußreflexzonen ist eine uralte Tradition, die Wurzeln liegen im alten Ägypten, China und auch die amerikanischen Ureinwohner haben sie schon angewandt.</p>
</div>



<div class="wp-block-column is-layout-flow wp-block-column-is-layout-flow" style="flex-basis:50%"><div class="wp-block-image">
<figure class="aligncenter size-full is-resized"><img decoding="async" width="320" height="427" src="https://www.auszeit-meyer.de/wp-content/uploads/2022/02/barefoot-6545757_640-edited.jpg" alt="" class="wp-image-406" style="width:155px;height:207px" srcset="https://www.auszeit-meyer.de/wp-content/uploads/2022/02/barefoot-6545757_640-edited.jpg 320w, https://www.auszeit-meyer.de/wp-content/uploads/2022/02/barefoot-6545757_640-edited-225x300.jpg 225w" sizes="(max-width: 320px) 100vw, 320px" /></figure></div></div>
</div>



<p class="has-medium-font-size">Unter unseren Fußsohlen ist der ganze Körper mit seinen Organen und Körpersystemen abgebildet. Jede Zone ist mit einem Organ oder System verbunden. Durch die Massage in den Zonen wird die Durchblutung gefördert und das jeweilige Organ positiv unterstützt.</p>



<p class="has-medium-font-size">Bei meiner Fußreflexzonen-Anwendung kommen für jede Reflexzone ein passendes ätherisches Öl zum Einsatz. Dieses ist genau auf das Organ oder System abgestimmt und intensiviert die Massage und die positive Wirkung.</p>



<p class="has-medium-font-size">Außerdem ist es eine sehr entspannende Massage, die gerade beanspruchte Füße sehr genießen.</p>



<hr class="wp-block-separator has-css-opacity is-style-wide"/>



<p class="has-medium-font-size">Ich komme mit meiner mobilen Massageliege zu dir nach Hause und du kannst dich in deinen eigenen vier Wänden entspannen. Im Umkreis von 15km rund um Gnarrenburg.</p>



<p class="has-medium-font-size"><strong>Preis:</strong></p>



<div class="wp-block-columns is-layout-flex wp-container-core-columns-layout-2 wp-block-columns-is-layout-flex">
<div class="wp-block-column is-layout-flow wp-block-column-is-layout-flow" style="flex-basis:66.66%">
<p class="has-medium-font-size">60 Minuten</p>
</div>



<div class="wp-block-column is-layout-flow wp-block-column-is-layout-flow" style="flex-basis:33.33%">
<p class="has-medium-font-size">68,-€</p>
</div>
</div>



<hr class="wp-block-separator has-css-opacity is-style-wide"/>



<div class="wp-block-buttons is-layout-flex wp-block-buttons-is-layout-flex">
<div class="wp-block-button has-custom-width wp-block-button__width-100 is-style-outline"><a class="wp-block-button__link wp-element-button">Termin vereinbaren</a></div>
</div>
